{"id":6,"date":"2021-07-12T15:00:15","date_gmt":"2021-07-12T15:00:15","guid":{"rendered":"http:\/\/www.rasthof-platanenhof.ch\/?page_id=6"},"modified":"2022-07-13T07:44:45","modified_gmt":"2022-07-13T06:44:45","slug":"home","status":"publish","type":"page","link":"https:\/\/www.rasthof-platanenhof.ch\/fr\/","title":{"rendered":"Home"},"content":{"rendered":"\n<h1 class=\"has-text-align-center wp-block-heading\"><strong>Home<\/strong><\/h1>\n\n\n\n<figure class=\"wp-block-image aligncenter size-large\"><img loading=\"lazy\" decoding=\"async\" width=\"1024\" height=\"575\" src=\"http:\/\/www.rasthof-platanenhof.ch\/wp-content\/uploads\/2021\/08\/Rasthof-Platanenhof-Eingang-1024x575.jpg\" alt=\"\" class=\"wp-image-211\" srcset=\"https:\/\/www.rasthof-platanenhof.ch\/wp-content\/uploads\/2021\/08\/Rasthof-Platanenhof-Eingang-1024x575.jpg 1024w, https:\/\/www.rasthof-platanenhof.ch\/wp-content\/uploads\/2021\/08\/Rasthof-Platanenhof-Eingang-300x169.jpg 300w, https:\/\/www.rasthof-platanenhof.ch\/wp-content\/uploads\/2021\/08\/Rasthof-Platanenhof-Eingang-768x432.jpg 768w, https:\/\/www.rasthof-platanenhof.ch\/wp-content\/uploads\/2021\/08\/Rasthof-Platanenhof-Eingang-1536x863.jpg 1536w, https:\/\/www.rasthof-platanenhof.ch\/wp-content\/uploads\/2021\/08\/Rasthof-Platanenhof-Eingang.jpg 1600w\" sizes=\"auto, (max-width: 1024px) 100vw, 1024px\" \/><\/figure>\n\n\n\n<h1 class=\"has-text-align-center wp-block-heading\"><strong>Heures d&#8217;ouverture<\/strong><\/h1>\n\n\n\n<p class=\"has-text-align-center\">lun-ven : 06:00-22:00<br>sam\/dim : 07:00-22:00<\/p>\n\n\n\n<hr class=\"wp-block-separator has-css-opacity alignwide\"\/>\n\n\n\n<h1 class=\"has-text-align-center wp-block-heading\"><strong>Postes vacants :<\/strong><\/h1>\n\n\n\n<p class=\"has-text-align-center\">Pour compl\u00e9ter notre \u00e9quipe, nous recherchons imm\u00e9diatement :<\/p>\n\n\n\n<h5 class=\"has-text-align-center wp-block-heading\">&#8211; Vendeur de magasin de station-service<br>  &#8211;  Sp\u00e9cialiste des services <br>  &#8211;  Cuire <br>  &#8211;  Aide-cuisinier <br>  &#8211;  Nettoyant <\/h5>\n\n\n\n<p class=\"has-text-align-center\">Votre courtoisie et votre simplicit\u00e9 caract\u00e9risent les contacts quotidiens avec les clients et l&#8217;\u00e9quipe. <br>Vous parlez couramment l&#8217;allemand et, id\u00e9alement, le fran\u00e7ais.<\/p>\n\n\n\n<p class=\"has-text-align-center\">Nous nous r\u00e9jouissons de recevoir votre candidature ou votre appel<br>Nous contacter : Gerhard Aebi T\u00e9l. 032 312 70 30<\/p>\n","protected":false},"excerpt":{"rendered":"<p>Home Heures d&#8217;ouverture lun-ven : 06:00-22:00sam\/dim : 07:00-22:00 Postes vacants : Pour compl\u00e9ter notre \u00e9quipe, nous recherchons imm\u00e9diatement : &#8211; Vendeur de magasin de station-service &#8211; Sp\u00e9cialiste des services &#8211; Cuire &#8211; Aide-cuisinier &#8211; Nettoyant Votre courtoisie et votre simplicit\u00e9 caract\u00e9risent les contacts quotidiens avec les clients et l&#8217;\u00e9quipe. Vous parlez couramment l&#8217;allemand et, id\u00e9alement, &hellip;<\/p>\n<p class=\"read-more\"> <a class=\"\" href=\"https:\/\/www.rasthof-platanenhof.ch\/fr\/\"> <span class=\"screen-reader-text\">Home<\/span> Read More &raquo;<\/a><\/p>\n","protected":false},"author":1,"featured_media":0,"parent":0,"menu_order":10,"comment_status":"closed","ping_status":"closed","template":"","meta":{"_mi_skip_tracking":false,"site-sidebar-layout":"default","site-content-layout":"default","ast-global-header-display":"","ast-main-header-display":"","ast-hfb-above-header-display":"","ast-hfb-below-header-display":"","ast-hfb-mobile-header-display":"","site-post-title":"disabled","ast-breadcrumbs-content":"","ast-featured-img":"","footer-sml-layout":"","theme-transparent-header-meta":"default","adv-header-id-meta":"","stick-header-meta":"","header-above-stick-meta":"","header-main-stick-meta":"","header-below-stick-meta":"","footnotes":""},"class_list":["post-6","page","type-page","status-publish","hentry"],"translation":{"provider":"WPGlobus","version":"2.10.7","language":"fr","enabled_languages":["de","fr","en"],"languages":{"de":{"title":true,"content":true,"excerpt":false},"fr":{"title":false,"content":true,"excerpt":false},"en":{"title":true,"content":true,"excerpt":false}}},"aioseo_notices":[],"_links":{"self":[{"href":"https:\/\/www.rasthof-platanenhof.ch\/fr\/wp-json\/wp\/v2\/pages\/6","targetHints":{"allow":["GET"]}}],"collection":[{"href":"https:\/\/www.rasthof-platanenhof.ch\/fr\/wp-json\/wp\/v2\/pages"}],"about":[{"href":"https:\/\/www.rasthof-platanenhof.ch\/fr\/wp-json\/wp\/v2\/types\/page"}],"author":[{"embeddable":true,"href":"https:\/\/www.rasthof-platanenhof.ch\/fr\/wp-json\/wp\/v2\/users\/1"}],"replies":[{"embeddable":true,"href":"https:\/\/www.rasthof-platanenhof.ch\/fr\/wp-json\/wp\/v2\/comments?post=6"}],"version-history":[{"count":80,"href":"https:\/\/www.rasthof-platanenhof.ch\/fr\/wp-json\/wp\/v2\/pages\/6\/revisions"}],"predecessor-version":[{"id":777,"href":"https:\/\/www.rasthof-platanenhof.ch\/fr\/wp-json\/wp\/v2\/pages\/6\/revisions\/777"}],"wp:attachment":[{"href":"https:\/\/www.rasthof-platanenhof.ch\/fr\/wp-json\/wp\/v2\/media?parent=6"}],"curies":[{"name":"wp","href":"https:\/\/api.w.org\/{rel}","templated":true}]}}

<h1 class="has-text-align-center wp-block-heading"><strong>Home</strong></h1>



<figure class="wp-block-image aligncenter size-large"><img loading="lazy" decoding="async" width="1024" height="575" src="http://www.rasthof-platanenhof.ch/wp-content/uploads/2021/08/Rasthof-Platanenhof-Eingang-1024x575.jpg" alt="" class="wp-image-211" srcset="https://www.rasthof-platanenhof.ch/wp-content/uploads/2021/08/Rasthof-Platanenhof-Eingang-1024x575.jpg 1024w, https://www.rasthof-platanenhof.ch/wp-content/uploads/2021/08/Rasthof-Platanenhof-Eingang-300x169.jpg 300w, https://www.rasthof-platanenhof.ch/wp-content/uploads/2021/08/Rasthof-Platanenhof-Eingang-768x432.jpg 768w, https://www.rasthof-platanenhof.ch/wp-content/uploads/2021/08/Rasthof-Platanenhof-Eingang-1536x863.jpg 1536w, https://www.rasthof-platanenhof.ch/wp-content/uploads/2021/08/Rasthof-Platanenhof-Eingang.jpg 1600w" sizes="auto, (max-width: 1024px) 100vw, 1024px" /></figure>



<h1 class="has-text-align-center wp-block-heading"><strong>Heures d&#8217;ouverture</strong></h1>



<p class="has-text-align-center">lun-ven : 06:00-22:00<br>sam/dim : 07:00-22:00</p>



<hr class="wp-block-separator has-css-opacity alignwide"/>



<h1 class="has-text-align-center wp-block-heading"><strong>Postes vacants :</strong></h1>



<p class="has-text-align-center">Pour compléter notre équipe, nous recherchons immédiatement :</p>



<h5 class="has-text-align-center wp-block-heading">&#8211; Vendeur de magasin de station-service<br>  &#8211;  Spécialiste des services <br>  &#8211;  Cuire <br>  &#8211;  Aide-cuisinier <br>  &#8211;  Nettoyant </h5>



<p class="has-text-align-center">Votre courtoisie et votre simplicité caractérisent les contacts quotidiens avec les clients et l&#8217;équipe. <br>Vous parlez couramment l&#8217;allemand et, idéalement, le français.</p>



<p class="has-text-align-center">Nous nous réjouissons de recevoir votre candidature ou votre appel<br>Nous contacter : Gerhard Aebi Tél. 032 312 70 30</p>

<p>Home Heures d&#8217;ouverture lun-ven : 06:00-22:00sam/dim : 07:00-22:00 Postes vacants : Pour compléter notre équipe, nous recherchons immédiatement : &#8211; Vendeur de magasin de station-service &#8211; Spécialiste des services &#8211; Cuire &#8211; Aide-cuisinier &#8211; Nettoyant Votre courtoisie et votre simplicité caractérisent les contacts quotidiens avec les clients et l&#8217;équipe. Vous parlez couramment l&#8217;allemand et, idéalement, &hellip;</p>
<p class="read-more"> <a class="" href="https://www.rasthof-platanenhof.ch/fr/"> <span class="screen-reader-text">Home</span> Read More &raquo;</a></p>
